what is -1 + -1294a6?
-1294a7
In base 11, what is -2a8a + -18?
-2aa7
In base 16, what is e - -35b9?
35c7
In base 9, what is -50643 - -6?
-50636
In base 10, what is -1 - 16448?
-16449
In base 3, what is -12101101110 - -11?
-12101101022
In base 4, what is -10311013 + -200?
-10311213
In base 3, what is 1 - -110000120?
110000121
In base 7, what is -1541 + -114?
-1655
In base 15, what is -20 + 6712?
66e2
In base 5, what is -21 - 23120?
-23141
In base 14, what is -3 + -5248?
-524b
In base 10, what is -2 - -221457?
221455
In base 5, what is 344 + -113?
231
In base 6, what is -434303 + -22?
-434325
In base 16, what is 1775 + 3?
1778
In base 12, what is 2 + 10129?
1012b
In base 10, what is 680 + 3142?
3822
In base 3, what is -2000021201011 - 0?
-2000021201011
In base 5, what is 110 + -1020003?
-1014343
In base 5, what is 0 - -2120110?
2120110
In base 11, what is -119a2 - -3?
-1199a
In base 7, what is 163116 - 10?
163106
In base 4, what is 0 - 11310203?
-11310203
In base 5, what is 132130 + 244?
132424
In base 7, what is 0 - -24243?
24243
In base 8, what is 14 - 54621?
-54605
In base 4, what is -3011310 - 11?
-3011321
In base 2, what is 0 - 1011101011010111?
-1011101011010111
In base 4, what is 30103021332 + -11?
30103021321
In base 14, what is -16ca - 404?
-1ad0
In base 3, what is 100 - -2010000112?
2010000212
In base 5, what is 10 - -23200042?
23200102
In base 12, what is 47139 - 3?
47136
In base 16, what is -4 + 41602?
415fe
In base 13, what is 1 + 1b474?
1b475
In base 7, what is -1004246 - 60?
-1004336
In base 10, what is 95985 - -5?
95990
In base 4, what is 300330011 + 3?
300330020
In base 11, what is 40a + 50?
45a
In base 3, what is 0 - -21021102?
21021102
In base 6, what is 1 + -3024?
-3023
In base 5, what is 24400 - -1013?
30413
In base 12, what is 377304 + 2?
377306
In base 11, what is -124475 + -2?
-124477
In base 14, what is -2bd + 9b0?
6d1
In base 9, what is 138 + -20567?
-20428
In base 8, what is -111411 + 3?
-111406
In base 8, what is 7064 - -16?
7102
In base 10, what is -1 - -162016?
162015
In base 6, what is -1234 - -220450?
215212
In base 13, what is -962 - -725?
-23a
In base 13, what is -1a7b + 158?
-1923
In base 7, what is -4151 + -54?
-4235
In base 2, what is 1100101010001001 - -100010?
1100101010101011
In base 10, what is 22 + 46660?
46682
In base 7, what is 0 - 1506336?
-1506336
In base 12, what is -49 - -a7?
5a
In base 5, what is -2404034 + 3?
-2404031
In base 10, what is -5 + 22075?
22070
In base 10, what is -35872 - 107?
-35979
In base 15, what is 4 - c22b5?
-c22b1
In base 3, what is -1011020 + 12?
-1011001
In base 3, what is -2 + -12002200?
-12002202
In base 6, what is 11001 - -2?
11003
In base 7, what is -536010 - 5?
-536015
In base 7, what is 1415 + -622?
463
In base 16, what is 87e + 18c?
a0a
In base 12, what is 9648 + 0?
9648
In base 3, what is 22002 + -2001?
20001
In base 7, what is 326 - -2332?
2661
In base 10, what is 0 + 38063?
38063
In base 9, what is -3 + -171014?
-171017
In base 4, what is -31 - -221003?
220312
In base 14, what is -9b88 + -4?
-9b8c
In base 2, what is 1110011111 + -1100?
1110010011
In base 6, what is -4 - 224111?
-224115
In base 12, what is -5 - -a82a?
a825
In base 10, what is 439 - -142?
581
In base 4, what is -22001 - 20002?
-102003
In base 8, what is 56566 + -3?
56563
In base 2, what is -11001100011 + -110110?
-11010011001
In base 15, what is -40 - -5a?
1a
In base 14, what is -19a + 2ad7?
293b
In base 12, what is -5151 + 1a9?
-4b64
In base 16, what is 2 + 3d60?
3d62
In base 7, what is 3460 + 16?
3506
In base 4, what is 1211233 - 23?
1211210
In base 11, what is 9a3208 - -2?
9a320a
In base 14, what is c7d37 + 4?
c7d3b
In base 14, what is 3571 - -2?
3573
In base 9, what is -10532 + 115?
-10416
In base 3, what is 1022212 - 11120102?
-10020120
In base 6, what is 13233 - -33?
13310
In base 11, what is 950 - -294?
1134
In base 7, what is 215363 + -4?
215356
In base 8, what is -314 + 51?
-243
In base 2, what is -11111001110000000 - 11?
-11111001110000011
In base 14, what is bb + 723?
800
In base 11, what is -956 + 54?
-902
In base 5, what is 1324123 + -13?
1324110
In base 13, what is -8c + 6381?
62c2
In base 8, what is -112567 - 4?
-112573
In base 3, what is -2222122 - 211012?
-10210211
In base 15, what is -607e + -5?
-6084
In base 10, what is -125 - 297?
-422
In base 11, what is -a3 - 4614?
-4707
In base 3, what is 1120 - 220120?
-212000
In base 2, what is 1100010100100 + -111?
1100010011101
In base 8, what is 51232 - -37?
51271
In base 8, what is -3 + -30204?
-30207
In base 16, what is -2 + -a232?
-a234
In base 4, what is -1 - -103003222?
103003221
In base 7, what is -40 - -214?
144
In base 5, what is -31410 + 124?
-31231
In base 4, what is 33 - 102201332?
-102201233
In base 2, what is 1101110000 - 1001000?
1100101000
In base 16, what is 4 + 18be?
18c2
In base 12, what is -5 + -288387?
-288390
In base 11, what is 122 + -492?
-370
In base 3, what is -1 - 102111200?
-102111201
In base 7, what is -1252335 - 4?
-1252342
In base 12, what is 82561 + 5?
82566
In base 11, what is 23320 + -3?
23318
In base 13, what is a1b - -9?
a27
In base 11, what is 400 + 407?
807
In base 8, what is 161156 + 24?
161202
In base 4, what is -20 + -2103013?
-2103033
In base 10, what is -4847 + 12?
-4835
In base 12, what is -16367 - -4?
-16363
In base 5, what is -2134022211 - 4?
-2134022220
In base 10, what is 1 + -114629?
-114628
In base 3, what is 2120000 - 1000?
2112000
In base 8, what is 34602500 - 4?
34602474
In base 7, what is 206 + -44216?
-44010
In base 10, what is -167178 + 0?
-167178
In base 5, what is 10 - -12024324?
12024334
In base 7, what is -26 + -6204?
-6233
In base 3, what is -112002001 - -10?
-112001221
In base 11, what is 1 + 645aa?
64600
In base 7, what is 431043 - -10?
431053
In base 5, what is -110431230 - -12?
-110431213
In base 3, what is 22 - 10221122220?
-10221122121
In base 14, what is 2 + -a53c?
-a53a
In base 11, what is -26 - 12666?
-12691
In base 5, what is -2112 + 2141?
24
In base 7, what is -64301 + -3?
-64304
In base 2, what is -10 - -10100011010111?
10100011010101
In base 4, what is 210 + -23221120?
-23220310
In base 7, what is -13 - -1160603?
1160560
In base 4, what is 13303 - 12301?
1002
In base 7, what is -551 - 1446?
-2330
In base 16, what is 73 - a1d4?
-a161
In base 2, what is -1011100 + 100000100?
10101000
In base 5, what is 11104 - -1341?
13000
In base 4, what is 131012312 - -11?
131012323
In base 4, what is -10 - -33312122?
33312112
In base 11, what is 25658 - -29?
25686
In base 12, what is 184 - -27a5?
2969
In base 15, what is -ed + -148?
-246
In base 16, what is -1cccb + 1?
-1ccca
In base 6, what is -11055 - -14?
-11041
In base 11, what is 36 + 20553?
20589
In base 10, what is -107 + -740?
-847
In base 11, what is 30a20 + 0?
30a20
In base 15, what is -6 - -b69?
b63
In base 11, what is -327a06 - 3?
-327a09
In base 3, what is -20002012 - -110?
-20001202
In base 3, what is 10101222221 + -1?
10101222220
In base 14, what is 4 + 6a4aa?
6a4b0
In base 16, what is 0 - -1715?
1715
In base 7, what is 2141004 - -5?
2141012
In base 9, what is -3485 + -5?
-3501
In base 8, what is 1207677 + -5?
1207672
In base 4, what is -11 - 311112123?
-311112200
In base 7, what is -46562 + 52?
-46510
In base 12, what is -aaa31b - -1?
-aaa31a
In base 14, what is -22b - -257?
2a
In base 3, what is 20 - -100000?
100020
In base 14, what is 388cd + 5?
388d4
In base 16, what is -484 + -75?
-4f9
In base 12, what is -839063 - 2?
-839065
In base 15, what is 3 + ac95?
ac98
In base 6, what is -1 + -5412131?
-5412132
In base 7, what is 2210 - 4?
2203
In base 16, what is 1d - -a0e?
a2b
In base 5, what is 3424 + 302011?
310440
In base 16, what is 4e + -951?
-903
In base 10, what is -3 + 26443?
26440
In base 16, what is 15cb - 5?
15c6
In base 12, what is 153908 + -2?
153906
In base 8, what is 7565 + 1?
7566
In base 13, what is 1 + 517a?
517b
In base 7, what is 213 + -23056?
-22543
In base 9, what is 24 - -17206?
17231
In base 7, what is -20304 - 2?
-20306
In base 10, what is -48200 - -1?
-48199
In base 8, what is 1 + -30543?
-30542
In base 4, what is 12112331300 + 2?
12112331302
In base 8, what is 63 + -1161?
-1076
In base 4, what is 1230033323 + 2?
1230033331
In base 8, what is 2 - -5202015?
5202017
In base 15, what is -78854 